 = 0, 0 = -g - 0*g - d + 4. Suppose 8*z = g*z + 16. Calculate the highest common divisor of 76 and z.
4
Suppose -8*c + 6*c + 1872 = -3*a, -3*a + 18 = 0. What is the highest common factor of c and 140?
35
Let r = -714 - -722. Let q be (r/(-12))/((-6)/1863). Calculate the highest common factor of 115 and q.
23
Let j be 57/((-13)/(-481)*3). What is the highest common divisor of 19 and j?
19
Let k(m) be the third derivative of m**5/30 - m**4/24 + m**3 - 2*m**2. Let c = 7205 - 7203. Let w be k(c). Calculate the highest common factor of w and 4.
4
Suppose 0 = 5*a + 2*n - 23 - 29, -a + n = -9. Suppose -a = -z - 2*d + d, 4*z - 34 = 2*d. Let q = 19 - -53. What is the highest common factor of z and q?
9
Suppose -5*h = -32 - 208. Suppose 2*y = 0, y + 3*y + 120 = 3*k + 2*k. Calculate the greatest common divisor of h and k.
24
Let w = -1811 + 4786. What is the highest common factor of 140 and w?
35
Suppose 0 = -5*u - 15, -2*i + 1 = -2*u - 11. Suppose -i*q = j - 2, -2*j = 5*q - 8 + 2. Calculate the highest common divisor of j and 14.
2
Suppose 37*a + 21 = 22 + 147. What is the greatest common factor of a and 512?
4
Let c(f) = 2*f**2 - 10*f - 9. Let k be c(7). Suppose -x + k = -19. Let g = 519 + -462. Calculate the highest common factor of g and x.
19
Let k(x) = 2023*x + 2415. Let z be k(7). What is the highest common divisor of 64 and z?
64
Let i = 264 - 180. Suppose 7*z - i = 49. Suppose -4*f + 3*f = -247. What is the greatest common divisor of z and f?
19
Let x(u) = u**3 + 22*u**2 + 14*u + 15. Let j be x(-21). Suppose -3*g = 4*a - a - j, -5*a = g - 62. What is the highest common divisor of g and 182?
26
Suppose -4*n - 24 = l, n = -2*l - 3*l - 6. Let o(x) = 3*x + 0*x - 2*x + 0*x + 15. Let y be o(n). Calculate the greatest common factor of 9 and y.
9
Let q(h) = 249*h**2 - 4955*h + 10. Let i be q(20). Calculate the greatest common factor of 6 and i.
6
Let m(v) = 23*v + 311. Let c be m(-9). What is the greatest common factor of c and 858?
26
Suppose 705 = 3*c - 0*c. Suppose 4*k + c = -k. Let l = 76 + k. Calculate the greatest common divisor of l and 29.
29
Let u = 26352 - 14607. Calculate the highest common factor of 145 and u.
145
Suppose 5*y - 279 = 2*g - 99, 3*y = 4*g + 94. Let m = y - 6. Let w = 62 - m. Calculate the highest common factor of 6 and w.
6
Let w(k) = -77*k + 0 + 44*k + 15 + 3*k. Let a be w(-5). What is the highest common divisor of a and 45?
15
Let g be 84/(-10)*(-60)/24. Suppose 6*i - 3*i - 3 = -3*j, 3*i + g = j. Let t(d) = 10*d - 20. Let c be t(j). What is the highest common divisor of c and 5?
5
Let f be 4068/81 + 7/9 + -1. Let l = 125 + 0. What is the highest common divisor of f and l?
25
Suppose 0 = 98*g + 461094 - 1357402. Calculate the highest common divisor of g and 34.
34
Let d = 86 - -26. Let h(f) = 5*f**2 + 45*f + 68. Let c be h(-17). Let t = c + -734. Calculate the greatest common factor of d and t.
14
Let y be -5 - (-13)/((-65)/(-50)). Suppose y*k = 29 - 9. Let n(g) = -g + 20. Let c be n(16). What is the greatest common factor of c and k?
4
Let j be 275/(-2)*(3 - 1). Let a = j + 296. What is the greatest common factor of 1029 and a?
21
Let c be 2*6/(-36)*(-11)/((-55)/(-8475)). Calculate the greatest common factor of c and 5.
5
Let c be 34/(-68) - (-5)/2. Suppose -7*n + 8*n = -5, c*r - 265 = 5*n. What is the greatest common divisor of 10 and r?
10
Suppose -4*p = -328*p - 20855 + 77879. Calculate the highest common factor of 2519 and p.
11
Let h = -21993 + 64749. Calculate the highest common factor of 42 and h.
42
Let y(w) = 193*w**3 - 4*w**2 + 47*w - 135. Let f be y(5). Calculate the highest common factor of 193 and f.
193
Let c be (-2)/32 - 4/(-64). Let y(f) = -2*f**3 + f + 108. Let u be y(c). Suppose 0 = h + 3*h - 48. What is the greatest common factor of u and h?
12
Suppose 0 = 4*c + 6*f - 10*f - 2064, 0 = -5*f + 10. What is the greatest common divisor of c and 14?
14
Let a(q) = 15*q + 160. Let u be 190/(-70) - 6/21 - 5. Let n be a(u). Let m(g) = 14*g**2 + 6*g. Let h be m(-5). Calculate the greatest common divisor of n and h.
40
Let a(l) = 4*l**2 - 20*l + 49. Let w be a(13). Suppose 3*y = 2*y - 4*n + 43, 3*y - n - 90 = 0. Calculate the greatest common factor of w and y.
31
Suppose 0 = 3*b + 25 - 52. Let k be b/(-12)*(-1 - 7). Calculate the greatest common factor of 6 and k.
6
Let k(f) be the first derivative of -29*f**2/2 - 96*f - 226. Let t be k(-4). What is the greatest common divisor of t and 45?
5
Let j be (-1)/2*(-22 - 35572). Calculate the greatest common divisor of j and 37.
37
Let r(m) = -m**2 - m + 533. Let q be r(0). Let d = -162 + q. Let n = d - 161. Calculate the greatest common divisor of n and 30.
30
Suppose 17 + 21 = 19*j. Suppose 4*c + 3*y - 120 = -0*c, 0 = -j*c - 3*y + 60. Calculate the highest common factor of 20 and c.
10
Suppose q + 561 = 4*q. Suppose -159*w + 646 = -140*w. What is the highest common factor of w and q?
17
Let t(h) = -190*h. Let g(a) = -a**3 + 4*a**2 + a - 2. Let i be g(4). Suppose 0 = -2*v + 4*v + i. Let f be t(v). What is the greatest common divisor of 38 and f?
38
Let i(y) = -y - 5. Let b be i(-12). Suppose b = -7*t - 49. Let q be 8/3*4/t*-9. What is the highest common divisor of q and 4?
4
Let j(u) = u + 0*u + 274 - 185. Let c be j(22). Let x = -39 + c. What is the greatest common divisor of x and 96?
24
Let g be 23485/22 - (5/10)/1. Calculate the greatest common factor of 44 and g.
11
Let m(h) = h**3 + 9*h**2 - 4*h + 5. Let j be m(-9). Let c = j + -35. What is the highest common factor of c and 24?
6
Suppose 3*s - 3 = 6. Suppose -z - 66 = -s*z - 2*c, 3*c = 3*z - 81. What is the greatest common factor of z and 150?
30
Let s be (11/(55/(-108)))/((-2)/55). Let f = -6703 + 6769. Calculate the greatest common divisor of s and f.
66
Let r(l) = l**2 - 39*l - 142. Let m(n) = n**2 - 61*n + 43. Let y be m(0). Let h be r(y). Let z = 234 - 84. What is the greatest common factor of h and z?
30
Suppose -402 + 447 = 9*b. What is the highest common factor of b and 71?
1
Suppose 2*j - 9*y + 6*y + 81 = 0, 33 = -j + 4*y. Let n be (-30)/j + (-2)/((-18)/93). Calculate the highest common divisor of n and 55.
11
Let i(s) = -27*s + 410. Let t be i(7). Calculate the greatest common divisor of t and 130.
13
Let l = -119 + 215. Suppose 4*h + 204 = 480. Let n = 101 - h. What is the highest common divisor of n and l?
32
Suppose 0 = -54*b - 24*b + 20670. Calculate the greatest common divisor of b and 30.
5
Let x(h) = 6*h**2 - 5*h**2 + 10*h**2. Let p be x(-1). Let y(l) = -143*l - 2310. Let b be y(-17). What is the highest common factor of b and p?
11
Let k = -217 + 196. Let m be ((-18)/7)/(k/294). What is the highest common divisor of m and 90?
18
Let p(r) = -r**3 + 2*r**2 + 3*r + 12. Suppose -3*n + 5*c = -3, -9*n + 2*c + 10 = -10*n. Let l be p(n). What is the greatest common factor of l and 72?
24
Let a be (-57)/38*(-3)/(27/7314). What is the highest common factor of 69 and a?
23
Suppose -47*r + 10 = 4*g - 44*r, 0 = -3*g - r + 10. Let h be (-26)/13*(-26)/g. What is the highest common factor of h and 52?
13
Suppose 2*d + 20*h - 18 = 16*h, -5*h - 5 = 0. Let i = -10 + 21. Let o = 0 + i. What is the greatest common divisor of d and o?
11
Let v = -57608 + 57680. Let s = 2276 - 1484. What is the greatest common factor of s and v?
72
Let g = 151 + -102. Let a(q) = 818*q + 7328. Let o be a(-8). What is the highest common divisor of o and g?
49
Let s(b) = -5*b - 2. Let k be s(-2). Suppose -46*c + 39*c = 1211. Let a = c + 197. Calculate the greatest common factor of a and k.
8
Suppose 0 = 163*v - 164*v - d + 22, 4*v = -3*d + 87. Calculate the highest common divisor of v and 560.
7
Suppose 7*s = 4*n - 219, -101 = -10*n + 8*n - 5*s. Calculate the greatest common divisor of 77009 and n.
53
Let z be ((-28)/(-60) - (-2)/15)/(5/50). What is the highest common factor of z and 4038?
6
Let o(m) = 198*m + 2245. Let i be o(-11). Calculate the highest common divisor of i and 603.
67
Let n be (-34*3*5/10)/(-3). Suppose 0 = -12*x + n*x - 220. What is the greatest common factor of 8 and x?
4
Let z = -66654 + 66666. Let m(o) = -o**2 + 2*o. Let w be m(2). Suppose -32 = -y + 4*a, w*y = 4*y - 2*a - 128. What is the highest common factor of y and z?
4
Let q(a) = 9*a**2 + 3*a - 4. Let m be q(1). Suppose -m*f = -331 - 989. What is the greatest